the prime factors of 37559?
23, 71
List the prime factors of 22552.
2, 2819
What are the prime factors of 10755?
3, 5, 239
What are the prime factors of 3251?
3251
What are the prime factors of 11896?
2, 1487
What are the prime factors of 19504?
2, 23, 53
What are the prime factors of 12463?
11, 103
List the prime factors of 10237.
29, 353
List the prime factors of 2530.
2, 5, 11, 23
List the prime factors of 6926.
2, 3463
List the prime factors of 360.
2, 3, 5
What are the prime factors of 2025?
3, 5
What are the prime factors of 36215?
5, 7243
What are the prime factors of 13191?
3, 4397
What are the prime factors of 465?
3, 5, 31
List the prime factors of 46915.
5, 11, 853
What are the prime factors of 7402?
2, 3701
What are the prime factors of 10481?
47, 223
List the prime factors of 1767.
3, 19, 31
List the prime factors of 1451.
1451
What are the prime factors of 3271?
3271
List the prime factors of 21402.
2, 3, 29, 41
List the prime factors of 103844.
2, 13, 1997
What are the prime factors of 1246?
2, 7, 89
List the prime factors of 5112.
2, 3, 71
What are the prime factors of 7593?
3, 2531
List the prime factors of 681.
3, 227
List the prime factors of 799.
17, 47
List the prime factors of 921.
3, 307
What are the prime factors of 3629?
19, 191
What are the prime factors of 12013?
41, 293
List the prime factors of 601.
601
What are the prime factors of 1121?
19, 59
What are the prime factors of 84054?
2, 3, 14009
What are the prime factors of 709?
709
List the prime factors of 7322.
2, 7, 523
List the prime factors of 6604.
2, 13, 127
List the prime factors of 3909.
3, 1303
List the prime factors of 1588.
2, 397
What are the prime factors of 62422?
2, 23, 59
List the prime factors of 6056.
2, 757
List the prime factors of 690.
2, 3, 5, 23
List the prime factors of 70895.
5, 11, 1289
List the prime factors of 1147.
31, 37
What are the prime factors of 25316?
2, 6329
What are the prime factors of 9756?
2, 3, 271
What are the prime factors of 664?
2, 83
List the prime factors of 2394.
2, 3, 7, 19
List the prime factors of 35656.
2, 4457
List the prime factors of 5180.
2, 5, 7, 37
What are the prime factors of 1961?
37, 53
What are the prime factors of 105898?
2, 13, 4073
What are the prime factors of 36756?
2, 3, 1021
List the prime factors of 5949.
3, 661
What are the prime factors of 899?
29, 31
What are the prime factors of 4300?
2, 5, 43
What are the prime factors of 905?
5, 181
List the prime factors of 10778.
2, 17, 317
What are the prime factors of 11769?
3, 3923
List the prime factors of 26498.
2, 13249
What are the prime factors of 75830?
2, 5, 7583
List the prime factors of 2622.
2, 3, 19, 23
List the prime factors of 1935.
3, 5, 43
What are the prime factors of 13550?
2, 5, 271
What are the prime factors of 9300?
2, 3, 5, 31
List the prime factors of 137381.
37, 47, 79
List the prime factors of 9327.
3, 3109
What are the prime factors of 46998?
2, 3, 7, 373
What are the prime factors of 89898?
2, 3, 14983
List the prime factors of 7992.
2, 3, 37
What are the prime factors of 5664?
2, 3, 59
List the prime factors of 574.
2, 7, 41
List the prime factors of 16324.
2, 7, 11, 53
List the prime factors of 781.
11, 71
What are the prime factors of 2919?
3, 7, 139
List the prime factors of 441.
3, 7
What are the prime factors of 18423?
3, 23, 89
What are the prime factors of 100690?
2, 5, 10069
What are the prime factors of 8?
2
What are the prime factors of 120387?
3, 40129
List the prime factors of 121736.
2, 15217
List the prime factors of 16437.
3, 5479
List the prime factors of 26975.
5, 13, 83
List the prime factors of 70355.
5, 14071
What are the prime factors of 129?
3, 43
List the prime factors of 17706.
2, 3, 13, 227
What are the prime factors of 437?
19, 23
List the prime factors of 65087.
11, 61, 97
List the prime factors of 158.
2, 79
What are the prime factors of 56?
2, 7
List the prime factors of 26497.
26497
What are the prime factors of 26944?
2, 421
What are the prime factors of 38221?
37, 1033
List the prime factors of 46149.
3, 15383
List the prime factors of 1701.
3, 7
List the prime factors of 961.
31
What are the prime factors of 34049?
79, 431
What are the prime factors of 8491?
7, 1213
List the prime factors of 62489.
7, 79, 113
What are the prime factors of 958?
2, 479
List the prime factors of 2278.
2, 17, 67
What are the prime factors of 283?
283
List the prime factors of 30928.
2, 1933
What are the prime factors of 185942?
2, 239, 389
What are the prime factors of 28034?
2, 107, 131
What are the prime factors of 51444?
2, 3, 1429
What are the prime factors of 3761?
3761
What are the prime factors of 4512?
2, 3, 47
What are the prime factors of 969?
3, 17, 19
List the prime factors of 2658.
2, 3, 443
What are the prime factors of 9982?
2, 7, 23, 31
What are the prime factors of 1594?
2, 797
What are the prime factors of 6005?
5, 1201
What are the prime factors of 720?
2, 3, 5
List the prime factors of 20508.
2, 3, 1709
What are the prime factors of 754?
2, 13, 29
List the prime factors of 33.
3, 11
What are the prime factors of 27502?
2, 13751
List the prime factors of 652.
2, 163
List the prime factors of 3430.
2, 5, 7
What are the prime factors of 8631?
3, 7, 137
What are the prime factors of 1416?
2, 3, 59
List the prime factors of 180.
2, 3, 5
List the prime factors of 2897.
2897
What are the prime factors of 1145?
5, 229
List the prime factors of 9152.
2, 11, 13
List the prime factors of 10002.
2, 3, 1667
List the prime factors of 5913.
3, 73
List the prime factors of 9051.
3, 7, 431
What are the prime factors of 25519?
13, 151
What are the prime factors of 26114?
2, 11, 1187
What are the prime factors of 71326?
2, 19, 1877
List the prime factors of 5679.
3, 631
What are the prime factors of 54394?
2, 27197
What are the prime factors of 18101?
23, 787
What are the prime factors of 19571?
19571
List the prime factors of 13058.
2, 6529
What are the prime factors of 67182?
2, 3, 11197
List the prime factors of 55586.
2, 27793
List the prime factors of 19468.
2, 31, 157
What are the prime factors of 3062?
2, 1531
What are the prime factors of 31713?
3, 11, 31
What are the prime factors of 1786?
2, 19, 47
List the prime factors of 5424.
2, 3, 113
What are the prime factors of 2977?
13, 229
What are the prime factors of 1529?
11, 139
What are the prime factors of 206?
2, 103
What are the prime factors of 2885?
5, 577
What are the prime factors of 6303?
3, 11, 191
What are the prime factors of 1123?
1123
List the prime factors of 16327.
29, 563
List the prime factors of 6426.
2, 3, 7, 17
List the prime factors of 2296.
2, 7, 41
List the prime factors of 113567.
113567
List the prime factors of 38455.
5, 7691
List the prime factors of 4596.
2, 3, 383
List the prime factors of 6077.
59, 103
What are the prime factors of 10746?
2, 3, 199
What are the prime factors of 1393?
7, 199
List the prime factors of 90043.
127, 709
What are the prime factors of 448?
2, 7
What are the prime factors of 29621?
19, 1559
List the prime factors of 17299.
17299
What are the prime factors of 39115?
5, 7823
What are the prime factors of 4365?
3, 5, 97
List the prime factors of 27376.
2, 29, 59
List the prime factors of 1394.
2, 17, 41
List the prime factors of 592.
2, 37
What are the prime factors of 21777?
3, 7, 17, 61
List the prime factors of 39182.
2, 11, 13, 137
List the prime factors of 2012.
2, 503
What are the prime factors of 19907?
17, 1171
List the prime factors of 684.
2, 3, 19
What are the prime factors of 10603?
23, 461
What are the prime factors of 6263?
6263
What are the prime factors of 3462?
2, 3, 577
What are the prime factors of 35636?
2, 59, 151
List the prime factors of 182.
2, 7, 13
List the prime factors of 6655.
5, 11
What are the prime factors of 350?
2, 5, 7
What are the prime factors of 943?
23, 41
What are the prime factors of 71917?
71917
What are the prime factors of 1842?
2, 3, 307
What are the prime factors of 1876?
2, 7, 67
What are the prime factors of 9467?
9467
List the prime factors of 7019.
7019
List the prime factors of 4817.
4817
List the prime factors of 780.
2, 3, 5, 13
What are the prime factors of 80798?
2, 71, 569
What are the prime factors of 22254?
2, 3, 3709
What are the prime f